. Let d(g) be the second derivative of 1/12*g**4 + 1/20*g**5 - 3/2*g**2 - 2*g - 20 - 1/3*g**3. Give d(n).
-15
Let t(s) = -s**2 + 6*s - 7. Let m be 6/(1 - 3) - (-6)/2. Suppose m = -6*u + 6 + 24. Calculate t(u).
-2
Let d(q) be the second derivative of q**4/6 - q**3/6 - 3*q**2/2 - 101*q. Determine d(3).
12
Let m(g) = -3*g - 2. Let o be m(-1). Let w(u) = -2*u**3 - u - 4. Let p(z) = 5*z**3 + z + 7. Let y be (6/10)/(3/15). Let v(a) = y*p(a) + 5*w(a). Give v(o).
4
Let a(w) = w**2 + 8*w - 46. Let p be a(-12). Let d(o) be the first derivative of -5 + 3/2*o**p + 4*o. What is d(-4)?
-8
Let c(p) = p - 11. Suppose 4*o + o - 23 = 4*n, 29 = 5*o - 2*n. Determine c(o).
-4
Let d(k) be the second derivative of -k**4/12 + 5*k**3/3 - 11*k**2/2 + 809*k. What is d(9)?
-2
Let b(j) = -j**3 - 7*j**2 - j - 7. Let n(p) = 5*p**2 - 21*p - 3. Let z be n(4). Calculate b(z).
0
Let t = -54 - -114. Suppose -3*z = -8*z + t. Suppose 2*j + z = 4*j. Let a(h) = -h**2 + 5*h + 8. Determine a(j).
2
Let b be 4/(((-8)/(-18))/(-2)*-6). Let v(i) = i**3 - 3*i**2 - i - 1. Determine v(b).
-4
Suppose 0 = -5*t - 3 - 12. Let n(x) = -8*x + 12. Let g(u) = -u + 3. Let h(y) = -5*g(y) + n(y). Give h(t).
6
Let r(q) = -q**2 + 5*q + 10. Let y = -51 - -55. Suppose -2*o + 10 = -y. What is r(o)?
-4
Suppose -40 = 5*z - 5*b, 3*z - b + 32 = -0*b. Let d(u) = -u**2 - 13*u - 20. What is d(z)?
-8
Let l(s) be the third derivative of -s**4/24 + 5*s**3/6 + 6091*s**2. Let x be (1*-6)/(3/(-10)). Suppose b = 3*u + 4*b - 15, -4*u - 2*b = -x. Calculate l(u).
0
Let v(w) = -48*w + 87*w + 2 - 32*w. Determine v(-4).
-26
Let o = -24 - -26. Let j be 3*(-1 + o + -2). Let m(b) = -b - 2. Let l be m(j). Let c(r) = r**3 + r**2 - r. Give c(l).
1
Let t(i) = -i**2 - 13*i - 15. Suppose -165 = 17*y + 39. Determine t(y).
-3
Suppose 13*g = 17*g + 8. Let i(s) = s**3 + 5*s**2 - 7*s - 4. Let j be i(-6). Let k(y) = -j*y - 2*y + y + 5*y + 3. Calculate k(g).
-1
Let h(w) = 4 + 4 + 0 - 5*w - 3 + 2. Determine h(8).
-33
Let d = -5 - -10. Let p(o) = d - 4 - 4*o - o. Suppose -1 = 3*z - 4. What is p(z)?
-4
Let o be (24/32)/((-6)/(-16)). Let d(l) = -12*l + 6*l - 3*l + 2 + l. Calculate d(o).
-14
Let t(r) be the third derivative of -r**5/20 - r**4/24 - 2*r**3/3 - 2*r**2. Let z(a) be the first derivative of t(a). Suppose 389*q - 394*q - 5 = 0. Give z(q).
5
Suppose 3*r + 11 = -5*z, 3*r + 4*z + 10 = r. Let s(p) be the first derivative of -3*p**2/2 - p - 41. Calculate s(r).
-10
Let a be ((-4)/(4 + -12))/((-5)/(-50)). Let m(q) = -a*q + 3*q + 4*q. Give m(1).
2
Let i(n) = n**3 + 7*n**2 + 8. Suppose 2*w - 2 = 2. Suppose 0 = 3*a + d, d + w*d = 0. Suppose a*l - 3*l - g - 21 = 0, -l - 3*g = 7. Calculate i(l).
8
Let q(m) = m**2 - 7 + 0*m - 4 - 3*m + 11*m. Let f be q(-11). Suppose 5*v - f = 3. Let c(b) = -2*b + 6. Calculate c(v).
-4
Let g(l) = 7*l + 5. Let f(j) = -18*j - 16. Let x(b) = -3*f(b) - 8*g(b). Give x(6).
-4
Let k(y) = -y - 7. Let c(j) = -j**2 + 14*j + 19. Suppose -5*i + 0*i = -75. Let m be c(i). Suppose 8 = -m*f - 4. Calculate k(f).
-4
Let q(m) be the second derivative of m**5/20 - 5*m**4/12 - m**3/2 + 5*m**2/2 - 6*m. Suppose 113 = 39*w - 43. What is q(w)?
-23
Let a(h) = h**3 + 7*h**2 + 4*h + 9. Let g(f) = f**2 + 12*f + 13. Let j be g(-10). What is a(j)?
-19
Let h be 5 + (-4 - (-1 + -8)). Let i(r) = -r**3 + 9*r**2 + 10*r - 12. Calculate i(h).
-12
Let k(t) be the first derivative of t**2/2 + 12*t + 103. Determine k(-5).
7
Let o(f) = f**2 - 13*f + 27. Let m be (33/(-2))/(240/(-160)). Calculate o(m).
5
Let i(t) be the second derivative of -t**7/2520 + t**6/120 - 7*t**5/120 + t**4/6 + 5*t. Let c(r) be the third derivative of i(r). What is c(6)?
-7
Let s(t) be the first derivative of -t**2/2 - 6*t + 75. Suppose 0*i = -i - 6. Calculate s(i).
0
Let t(u) be the third derivative of -u**6/120 + u**5/15 - u**4/4 + u**3/2 + 2*u**2. Let a be 5*(486/45 - 10). Calculate t(a).
-21
Suppose -128*q + 126*q = -2. Let a(w) = -w - 1. Give a(q).
-2
Suppose 3*y - 4*y - 9 = 0. Let r(m) = -m**2 - 10*m + 3. Calculate r(y).
12
Let c(f) = -f + 2*f + 2*f - 4*f. What is c(-4)?
4
Let h(k) be the second derivative of 5*k**3/6 + k**2/2 + 9*k - 3. Determine h(7).
36
Let r(z) be the second derivative of -z**6/720 - z**5/120 + 4*z**4/3 - 5*z. Let k(b) be the third derivative of r(b). Give k(-5).
4
Let z(v) = v**3 - 4*v**2 - 2*v. Suppose -27*w + 55 = -53. Determine z(w).
-8
Suppose 6*s - 16 = -34. Let u(r) be the third derivative of r**6/120 + r**5/15 + r**4/24 - 2*r**3/3 + 2*r**2. Calculate u(s).
2
Let n be ((-6)/8)/(1/(-8)). Let o(t) = 8*t**3 + 5 - t**2 - 4 - 15*t**3 + n*t**3. What is o(-1)?
1
Let r(k) = 6*k - 1. Let f(b) = b + 15. Let c be f(-14). What is r(c)?
5
Let h = 394 - 427. Let q(t) = -t**2 - 31*t + 60. Determine q(h).
-6
Let r(z) be the third derivative of -z**4/24 + z**3/3 + 6*z**2 + 6. Let a = 18 + -25. Calculate r(a).
9
Let m = 208 - 204. Let y(l) = -l**2 + 2*l + 3. Give y(m).
-5
Suppose 0 = -11*b + b + 70. Let m(w) = -w**3 - 9*w**2 + 8*w + 6. Let a(y) = 3*y**3 + 28*y**2 - 24*y - 17. Let k(o) = b*m(o) + 2*a(o). What is k(-8)?
8
Let n = 34 - 31. Let h(x) = -4*x + 0 + 4 + x**2 + 2*x. Give h(n).
7
Let i = -197 + 206. Let z(x) = x**2 - 9*x + 1. Calculate z(i).
1
Let d(y) = -y**3 + 2*y**2 + 2*y - 3. Let j be (2 + (-16)/(-2))*2/4. Suppose -j = -4*n + 7. Give d(n).
-6
Suppose 3*x - 4 = -x. Let i be (-5 + x)/(10/15). Let v(t) = -t - 5. Give v(i).
1
Suppose 25 = 4*f - 3*g, -2*g - 16 = -10. Let x(t) be the second derivative of -7/2*t**2 - f*t + 1/6*t**3 + 0. Calculate x(6).
-1
Let q = 3 + -4. Let f be 4 + 13 + (q - 0). Let r = f + -10. Let o(c) = -c**2 + 9*c - 9. Give o(r).
9
Let f = 45 + -49. Let k(u) = -u**2 - 5*u - 3. Give k(f).
1
Suppose -8 = -30*r + 26*r. Let x(d) = r*d + 1 - 3 + 2. Determine x(1).
2
Let w(y) = -y - 3. Let t(f) = -f**2 + 12*f - 15. Let k be t(11). Let z(c) = -c**3 + 9*c**2 + c - 12. Let q be z(9). Let r = q + k. Calculate w(r).
4
Let h(t) = t**2 + 4*t - 2. Let y(c) = 2 - 9 + 3*c - 23. Let z be y(8). What is h(z)?
10
Let r(f) = -f**2 + 6*f - 10. Let k be r(4). Let y be (-10)/2*(1 + k). Suppose n - 10 = y*m, -4*n - 4 = -3*m + 5*m. Let j(p) = p**3 - p**2 + p - 3. What is j(n)?
-3
Let p(c) = 63*c**2 + c - 7. Let x(m) = 29*m**2 - 4. Let y(v) = -6*p(v) + 13*x(v). Give y(-4).
-2
Suppose n = -n - p + 8, 3*p = -2*n + 12. Let a(k) = 2*k**3 - 6*k - 7*k**3 - 3 + 4*k**n - 4*k**2 + 3*k. Calculate a(-3).
-3
Let j(h) = h**3 + 10*h**2 - 12*h - 3. Let b = 196 - 207. Give j(b).
8
Let p(q) be the second derivative of q**3/6 - q**2 - 2*q. Let x be p(7). Let m(l) be the first derivative of l**3/3 - 5*l**2/2 - 5*l + 35. Calculate m(x).
-5
Let n(m) = 3*m**2 - 2*m - 3. Let d(v) = 5*v**2 - 3*v - 4. Let q(x) = 4*d(x) - 5*n(x). Calculate q(3).
38
Let v(u) = -u**3 + 5*u**2 + 14*u + 4. Let z(d) = -d**2 - 34*d + 247. Let m be z(-40). Calculate v(m).
4
Let p(g) be the third derivative of -g**6/120 + g**5/10 + g**4/24 - g**3/3 + 2*g**2. Let n = 718 - 712. What is p(n)?
4
Let b be 20/(-15)*3/2. Suppose 3*j + 0 + 3 = 0. Let p be -3 - 1*(b - j). Let d(a) = a**3 + 4*a**2 + 3*a + 2. What is d(p)?
4
Let x(w) = 4*w + 152. Let l(m) = -m**3 + m**2 + m - 39. Let d be l(0). Give x(d).
-4
Let w(a) = -a + a + 3*a - 1 - 4*a. Suppose 6*r - 5*y = 4*r, -2*y = -r - 2. Give w(r).
9
Suppose -3*u = -3*t - 8*u + 24, 3*t + 4*u - 21 = 0. Let b(f) be the second derivative of f**3/2 - f**2 + f + 68. What is b(t)?
7
Let o be ((-1)/5)/(348/(-870)). Let i(u) be the first derivative of u + 5 + o*u**2. Determine i(-1).
0
Suppose 3*n - 2 = 4*j, -n + 7*j = 3*j - 14. Let d(l) = -5*l - 7. Give d(n).
23
Suppose 2*i = -1 + 5. Suppose -i*k - 1 = 1. Let b(t) = 11*t**3 + 2*t**2 - 1. Determine b(k).
-10
Let u(g) be the third derivative of g**5/60 - g**3/6 + 42*g**2 + 7*g. What is u(1)?
0
Let f be -14*(-3)/6 + (33 - 34). Let m(y) = -y**3 + 6*y**2 - y - 8. What is m(f)?
-14
Let p be (36/54)/((-4)/(-6)). Let w(d) = -7 - d - d - 7 + 15 + 5*d**2. Determine w(p).
4
Let o = 3101 + -3097. Let t(l) = 3*l - 5. Calculate t(o).
7
Let n(l) = -2*l**2 - l + 3. Let x = -394 + 392. Determine n(x).
-3
Suppose -2*k = 3*w - 7, 5*k - k + 26 = 2*w. Let b be (4/w)/(4/10). Let o(d) = -2*d**3 + 3*d**2 + 2 + d**3 - d**2 - d. Give o(b).
0
Let r = -2 + 8. Let j(i) be the third derivative of 0 + 1/24*i**4 - 4*i**2 - 5/6*i**3 + 0*i. What is j(r)?
1
Let r(k) = 1 - k